-1 - -1)?
2
What is (1 - 4) + 0 + -7 + 11?
1
Evaluate 0 + 1 + 3 + 1.
5
Evaluate 0 - 5 - -4 - -2.
1
Calculate -1 - -2 - (6 + -11).
6
What is the value of (-10 - -4) + (3 - 1)?
-4
What is -6 + -1 + -4 + 3 + 0?
-8
Calculate -1 + 6 - (13 + -18 + 11).
-1
What is the value of 6 + (-9 + -5 - -7)?
-1
-11 - (9 + (-10 - 2))
-8
What is the value of -4 + 6 + 1 - 5?
-2
What is the value of 2 - (-14 + 12 - 4)?
8
What is the value of 0 - (3 - (9 + 0))?
6
Calculate (5 - 0) + (17 + -8 - 19).
-5
-1 + 3 + -1 - (-10 + 8)
3
Calculate (9 + 1 + -3 - 3) + -4.
0
Calculate (-3 - -7) + 2 + -2.
4
Calculate 3 + -11 - (-3 + 0) - -1.
-4
What is the value of (2 - 1) + 3 + -8?
-4
What is the value of 8 + -1 + -1 - (-66 + 61)?
11
Calculate (2 - 1) + (-10 - -8) + 1.
0
(9 + -2 - -3) + -6
4
7 - 1 - (-1 - (-9 - -6))
4
Calculate 0 - (1 + -7 + 4 + 5).
-3
-4 - -8 - (1 + 2)
1
-4 - (2 + -9) - 1
2
What is (-5 - -22) + -8 + -6?
3
Evaluate (7 + -2 - (31 - 23)) + -6.
-9
Calculate 12 - (-2 - -6 - -4).
4
What is the value of (55 - 58) + (1 - -1 - 0)?
-1
What is (-6 - -4) + (2 - -1) + -2?
-1
Evaluate -1 + 0 + -2 + -18 + 22.
1
Evaluate -3 - (-1 + 2 + 2 - 11).
5
Evaluate -6 + 3 + 22 + -24.
-5
Calculate -10 + 4 - 1 - (-4 + 1).
-4
Calculate 0 + (-2 - -1) - (4 + -3).
-2
What is 4 + -1 + 1 + 2 + -2?
4
Evaluate (-1 - (5 - 9 - 0)) + -3.
0
Calculate -20 - -34 - (12 + -2).
4
What is -2 + -4 + 6 + 4 - 3?
1
Evaluate -5 + 5 - (-3 + -1 - 0).
4
Evaluate 8 + -7 + (5 - (4 - 0)).
2
1 - (0 + 4) - -5
2
What is 1 + 1 + -2 + 0 - -2?
2
Calculate 0 + (-5 - -4) + 8 + -1.
6
2 - (1 + (6 - 2))
-3
Calculate -3 + 10 - 7 - 0.
0
Evaluate -5 - ((-1 - -2) + -1).
-5
Calculate 1 - (0 - (10 - (1 + 4))).
6
Calculate -12 - -16 - (7 + 1).
-4
(5 - (4 + -3) - 3) + 3
4
What is the value of 2 + (-1 - 5) - -3?
-1
-1 - -3 - (2 - -2 - -2)
-4
Calculate -1 - 1 - (-25 + (-3 - -22)).
4
Calculate -24 + (-12 - -16) - -14.
-6
1 - (-4 + 0) - (-11 - -15)
1
Calculate 4 - 0 - 1 - 6.
-3
What is -15 + (9 - (9 - 8)) + 1?
-6
Evaluate 0 + -1 - (3 + -1 - 4).
1
What is 9 + (17 - 8) + -9?
9
-2 + (0 - -4) + 2 - 7
-3
Calculate (2 - 6) + 6 + 1 + 1.
4
Calculate -7 + 2 + 1 + -1 + -1.
-6
What is the value of 5 + -5 + 1 - 4?
-3
Calculate -8 + 2 + (-6 - -2) + 10.
0
What is 1 + 4 - (4 - (0 + -5))?
-4
Evaluate 3 + 2 + (1 - (5 + -9)).
10
What is -1 + (5 - -1) + -1 + -1?
3
What is the value of 2 + 1 + (-11 - (13 - 24))?
3
Evaluate -5 + (3 - -2) - 2.
-2
Calculate -3 - (-9 - (1 + -4)).
3
Evaluate (-2 - -9) + (-8 - -3 - -2).
4
Calculate 4 + (13 - (4 - -14)).
-1
What is (-2 + 2 - 6) + 0?
-6
-16 - (1 + (-16 - -6))
-7
Evaluate -1 + (12 + 1 - 8).
4
Evaluate -8 - (-9 + (5 - 0)).
-4
-2 - (-4 - (-4 + 4)) - 2
0
Calculate (2 - 2) + (1 - -3).
4
What is 4 + 0 - (-18 - -24)?
-2
Calculate -4 + 2 - (0 + 2).
-4
Evaluate -1 + (-2 + 3 - (-1 + 0)).
1
Evaluate 6 + -4 + -1 + -1.
0
What is the value of 4 + -2 - (4 + -2 - 1)?
1
-3 + (7 - 1) - (0 + -2)
5
Evaluate -22 - -32 - (1 + 5).
4
What is the value of (-3 - (-1 + 0 - 0)) + -2?
-4
What is the value of -16 - -19 - (-2 - (-6 + 2))?
1
Calculate 14 + (-15 - -8) - (-1 - -6).
2
What is the value of 1 - (1 - 1 - (24 + -27))?
-2
What is 4 + -5 + 4 + -4?
-1
Calculate 2 + 2 + -7 - (21 + -20).
-4
What is 68 + -69 - (0 - (-1 - -5))?
3
Calculate 3 + (-5 - 0) - (1 - 0).
-3
What is the value of (-2 - 2) + (-12 - -9)?
-7
What is the value of (-5 + 4 - -4) + -4 + 2?
1
3 + (-7 + 2 - -2) + 1
1
What is the value of 1 - -1 - (-9 + 7)?
4
Calculate -10 + 1 + 6 + 3.
0
Calculate -6 + 3 - (2 + 3 + -7).
-1
What is the value of 11 + (12 - 22 - -7)?
8
What is 0 + 0 + -2 + -1 - -4?
1
What is the value of 7 + -11 + 5 - 5?
-4
What is the value of -3 - ((-7 - -2) + 11 + -6)?
-3
Calculate -4 - (-3 + -3 + 0).
2
(-5 - -4) + -11 + 6 - -15
9
What is -9 + 17 + (-7 - -1)?
2
What is the value of -6 + -3 + (-5 - -19) - 8?
-3
Evaluate -7 - (-7 + 0 + 5 + -1).
-4
What is the value of 3 + -2 + -10 + 6?
-3
Calculate 6 - (-5 + 4 + 2).
5
What is 4 + 0 + (2 - 4) + 1?
3
What is the value of (5 - (5 + -7)) + -6?
1
Evaluate -11 - -11 - (-6 + 4).
2
What is the value of (-6 - (7 + -12)) + (-2 - -9)?
6
0 + -11 - (-49 + 47)
-9
-14 + 12 + 1 + -2
-3
What is -4 + (5 - ((0 - -4) + -6))?
3
What is -3 - (2 + 2) - -6?
-1
Calculate 3 + -4 + 1 + 2.
2
-2 - (-1 + (4 - 2)) - -5
2
Calculate 0 + 2 - 1 - 5.
-4
What is the value of -4 - (5 - (12 - 0))?
3
Calculate -3 + 0 + (3 - (-2 + 1)).
1
What is the value of 5 + -11 + 0 + 5 - 2?
-3
What is the value of (1 - (-5 + -2)) + -10?
-2
-140 + 134 - (0 - 0)
-6
What is 1 + (1 - -1 - -2)?
5
What is the value of 0 + -5 + -1 - -4?
-2
What is the value of (-1 + -3 - -2) + 5?
3
What is the value of 61 + -58 - ((9 - 2) + 0)?
-4
What is the value of -4 + -1 + 70 + -52 - 6?
7
Calculate (0 - 3) + 4 + -3 + -3.
-5
-4 + (-2 - (-8 + 2))
0
What is the value of (4 - (0 - -2)) + 3?
5
6 + (-2 - 8) - -11
7
-1 - (-3 + (-4 - -1) + 3)
2
What is the value of 3 - (4 + (-3 - 1) + 3)?
0
1 + -3 - 0 - -7
5
What is the value of 9 + -1 + -2 + -6?
0
Calculate -1 + (-4 - -1) + 3 + -4.
-5
What is the value of -1 - 0 - (-6 - (-1 + -2))?
2
Evaluate 4 - 6 - (3 + -4).
-1
Evaluate (0 - 0) + (-21 - -16).
-5
(4 - 14 - -6) + 9 - 2
3
2 + 6 + (-9 - 3)
-4
Evaluate (0 - -5) + (52 - 60) - 2.
-5
What is -1 + (-8 - -12 - (4 + -1))?
0
What is the value of 0 - (-7 + 5) - (2 - -2)?
-2
Evaluate 2 + (0 - 1) + -2 + 3.
2
What is (11 - 5) + (-4 - 8) + 5?
-1
Evaluate 8 - (12 - 5) - (-2 - 1).
4
What is (5 - 1) + -6 + 5?
3
Calculate (-32 - -37) + 2 + (-2 - 4).
1
What is the value of 5 + (-7 - (1 - 4))?
1
What is the value of (1 - -1) + 4 + 0 + -1?
5
What is 4 + -2 + -5 + 7?
4
What is the value of -2 + (-4 - -7 - -6)?
7
Calculate -22 + 28 + 0 + -14 - -8.
0
What is the value of -2 + 3 + 0 + 0?
1
Calculate -5 - -10 - (-3 + 11).
-3
Calculate 10 + (-1 - (8 - 0)).
1
0 + 0 + 1 - (-5 - -4)
2
Evaluate 5 + -2 - (2 + -1 - 4).
6
What is (9 - 6) + 2 + -1?
4
-5 - (-4 - (4 - 6))
-3
Calculate -3 - (-6 + 2) - -3.
4
Evaluate 4 + (-6 - (5 + -10)).
3
What is 1 + 4 - (11 + -3)?
-3
What is 2 + 0 - (-7 + 13)?
-4
-2 - 2 - -4 - 2
-2
What is -4 + 6 + -2 + 0 + -3?
-3
What is -14 + 3 + (4 - 1)?
-8
Calculate 5 + -4 + -2 + -3.
-4
What is the value of 7 + -13 + 6 + -1 + 3?
2
Calculate 4 - (2 - (1 - (-5 + 5))).
3
Evaluate 1 + 2 + -11 - -4.
-4
(5 - 0) + (-3 - 0)
2
Evaluate (0 + 3 + -5 - -5) + -1.
2
Evaluate -21 + 28 - (10 + -1).
-2
-14 + (-2 - -2) + 18 + -14
-10
What is the value of -3 - -12 - -1 - 9?
1
Evaluate -4 + (4 - 6) + 2 + 10.
6
What is the value of -2 + -8 + (0 - (-6 - -4))?
-8
-5 - (3 + 2 - -1)
-11
Calculate -1 + -5 + 2 - -7.
3
Evaluate 1 - 4 - (-5 - 2) - 0.
4
Calculate -23 + 25 - (0 - 2).
4
Calculate (-3 - (-5 + 2)) + -2 + -1.
-3
Calculate (-8 + -2 - -6) + -2.
-6
What is the value of -8 + 5 + 6 - 4?
-1
What is the value of (-3 - -1 - 1) + (2 - -1)?
0
What is the value of -6 - (7 + -3) - -5?
-5
Calculate 7 + (-3 - 6) - -4.
2
12 - (1 + 15) - 4
-8
7 - (3 + 4 + -4)
4
What is -6 - ((8 - 2) + -6)?
-6
0 + -4 + (-1 - 2 - -3)
-4
5 - 2 - ((1 - -4) + 2)
-4
What is the value of (-1 - (0 - -3)) + 4 + -3?
-3
-3 + (-2 - -2) - -1
-2
What is the value of -10 + 3 - (-6 - -1)?
-2
What is 3 - (0 + -3 + 2 + 0)?
4
4 + -3 + -2 + -2
-3
What is -7 - -2 - (-25 + 15)?
5
(-5 - (-3 + 2 + -2)) + 9
7
Calculate 3 + 6 + -6 + (0 - 5).
-2
What is the value of -4 - (0 + -4) - 3?
-3
Evaluate -2 + -3 + 9 - 0.
4
Evaluate (3 + -12 - -1) + 4.
-4
What is -5 + 14 + 1 + -7 + -5?
-2
(-10 - 1) + 3 + -13 + 13
-8
Calculate -1 + (-8 - -3) - (-18 + 21).
-9
Calculate -3 + -4 - (1 + -4).
-4
(0 + 4 + 1 - 5) + -7
-7
Calculate (0 - (-5 + 4)) + 1.
2
What is (-1 - (6 + -5)) + 0 - 6?
-8
Evaluate 2 + 3 + -1 - (-4 + 3).
5
Evaluate -2 - ((8 - 7) + -7).
4
What is 2 - ((3 - -3 - 4) + 3)?
-3
What is 8 - ((5 - -1) + (-43 - -41))?
4
What is (3 - 1 - 3) + 2?
1
Evaluate 3 + (-2 - -6) - 4 - -2.
5
2 + (3 - 5) - 0 - -5
5
-8 + (11 - (8 + -4) - 3)
-4
(-3 - (-4 + 9)) + 10
2
3 + (4 - 2) - -1
6
-49 - -41 - (-2 - 1)
-5
2 + -2 + 4 + -7 - -5
2
5 + -9 + 9 + (-2 - 4)
-1
What is (2 - 0) + 3 - 0?
5
22 + 0 + 9 + -21
10
Evaluate -5 + 8 + 5 + -3.
5
Calculate 15 + -1 + (1 - -11 - 18).
8
What is the value of 0 + -5 + 0 + (10 - -1)?
6
Calculate -7 - 3 - (-37 - -20).
7
1 + (0 - 2) + (-3 - -4)
0
What is (-3 - (-8 - (-2 - 4))) + 6?
5
What is the value of (-37 - -31) + 8 + 1?
3
Calculate -17 + (0 - -9) - -10.
2
Calculate 6 + (-4 - (5